hest common factor of 886572 and 72.
36
Calculate the greatest common factor of 13272 and 9796.
316
Calculate the greatest common divisor of 72 and 65754.
18
What is the highest common divisor of 21037 and 436?
109
What is the highest common factor of 1062749 and 178?
89
Calculate the greatest common factor of 1043029 and 13.
13
Calculate the highest common divisor of 528 and 74704.
16
What is the highest common divisor of 666 and 50690?
74
Calculate the greatest common factor of 820762 and 76.
38
What is the highest common factor of 288 and 17792?
32
Calculate the highest common divisor of 82920 and 4.
4
What is the greatest common divisor of 351 and 1391?
13
What is the greatest common factor of 60 and 4560930?
30
Calculate the greatest common divisor of 5315 and 110.
5
Calculate the greatest common factor of 2576 and 602.
14
Calculate the highest common factor of 51385 and 43.
43
Calculate the greatest common factor of 78312 and 1248.
312
What is the greatest common factor of 1519734 and 12?
6
Calculate the greatest common divisor of 488265 and 12255.
645
What is the greatest common divisor of 141 and 64813?
47
Calculate the greatest common divisor of 4097 and 408.
17
What is the highest common divisor of 17 and 12063?
1
What is the greatest common factor of 27648 and 9864?
72
What is the highest common factor of 2591382 and 58?
58
What is the highest common factor of 138660 and 4?
4
Calculate the greatest common divisor of 583312 and 16.
16
Calculate the highest common divisor of 2057 and 6919.
187
What is the greatest common factor of 1326 and 55896?
102
What is the highest common divisor of 538715 and 1322?
661
Calculate the greatest common divisor of 396 and 100980.
396
What is the highest common divisor of 18 and 10674?
18
Calculate the highest common factor of 28553 and 35.
7
Calculate the highest common divisor of 1450 and 641770.
290
What is the greatest common factor of 202 and 128?
2
What is the highest common divisor of 30 and 19328?
2
What is the highest common divisor of 480 and 318720?
480
Calculate the greatest common divisor of 232 and 184.
8
What is the greatest common factor of 79 and 2340375?
79
What is the highest common divisor of 20790 and 280?
70
Calculate the highest common divisor of 61423 and 478.
239
Calculate the highest common divisor of 3655 and 374315.
215
Calculate the greatest common divisor of 12746 and 6.
2
What is the highest common factor of 435705 and 155?
155
What is the greatest common factor of 24207 and 3?
3
What is the highest common factor of 4446 and 230166?
342
What is the greatest common factor of 53024 and 32?
32
What is the greatest common divisor of 184 and 1226636?
92
What is the greatest common factor of 1573351 and 962?
481
What is the highest common factor of 189 and 70119?
189
What is the greatest common divisor of 316 and 653962?
158
Calculate the highest common factor of 62 and 1786.
2
What is the highest common factor of 5036343 and 116?
29
Calculate the highest common divisor of 23270 and 182.
26
Calculate the greatest common factor of 58880 and 184.
184
Calculate the highest common factor of 3070 and 216742.
614
Calculate the greatest common divisor of 112789 and 61.
61
What is the highest common divisor of 574 and 1?
1
Calculate the greatest common factor of 14977 and 34.
17
What is the highest common factor of 9318159 and 3434?
1717
Calculate the greatest common divisor of 108388 and 316.
316
Calculate the highest common factor of 1390855 and 170.
85
Calculate the highest common divisor of 897 and 254150.
299
Calculate the highest common divisor of 405 and 1807380.
135
What is the highest common factor of 76028 and 44?
4
Calculate the greatest common factor of 741 and 10032.
57
What is the highest common factor of 3541560 and 198?
66
What is the greatest common divisor of 245093 and 1507?
137
Calculate the greatest common divisor of 4168 and 28.
4
What is the highest common divisor of 3627 and 27404?
403
Calculate the greatest common factor of 27315 and 43515.
45
Calculate the highest common divisor of 8784 and 400.
16
What is the highest common divisor of 66 and 3965874?
66
Calculate the greatest common divisor of 6 and 157917.
3
What is the greatest common divisor of 1248 and 211744?
416
Calculate the greatest common divisor of 30 and 48252.
6
Calculate the greatest common factor of 44194 and 1616570.
2326
What is the greatest common divisor of 45 and 8882505?
45
What is the highest common factor of 100019 and 9?
1
What is the highest common factor of 252 and 390411?
63
What is the greatest common factor of 11 and 293843?
11
Calculate the highest common divisor of 85 and 456994.
17
What is the greatest common factor of 56 and 928?
8
Calculate the highest common divisor of 1171788 and 36.
12
What is the highest common factor of 12485 and 55?
55
Calculate the highest common divisor of 72 and 3990888.
72
Calculate the greatest common factor of 1506880 and 20.
20
What is the highest common divisor of 9834 and 132?
66
What is the greatest common factor of 194792 and 208?
104
What is the highest common divisor of 162972 and 503?
503
Calculate the greatest common factor of 250177 and 101.
101
What is the greatest common divisor of 17864 and 15092?
308
What is the greatest common divisor of 2632 and 1034?
94
Calculate the highest common factor of 208079 and 753.
251
Calculate the greatest common divisor of 918 and 24408.
54
What is the greatest common divisor of 2204 and 14516?
76
What is the highest common divisor of 3311 and 3899?
7
Calculate the highest common divisor of 307696 and 16.
16
What is the greatest common factor of 16 and 18548?
4
Calculate the highest common factor of 435 and 2355.
15
What is the highest common factor of 144692 and 244?
244
What is the greatest common factor of 20 and 23220?
20
What is the highest common divisor of 1600 and 480?
160
Calculate the highest common divisor of 38700 and 5700.
300
What is the greatest common factor of 266712 and 16?
8
Calculate the greatest common factor of 77174 and 3854.
94
What is the greatest common factor of 115 and 1615865?
115
Calculate the greatest common divisor of 2532 and 538894.
422
Calculate the highest common factor of 744 and 122388.
372
Calculate the highest common factor of 10309 and 5612.
61
Calculate the greatest common factor of 52 and 98033.
13
Calculate the greatest common factor of 7744 and 187.
11
Calculate the greatest common divisor of 61247 and 511.
73
Calculate the highest common divisor of 17125 and 76035.
685
What is the highest common factor of 148 and 10338836?
148
What is the highest common divisor of 844 and 1048?
4
Calculate the highest common divisor of 29020 and 11540.
20
Calculate the highest common divisor of 100 and 359725.
25
What is the greatest common divisor of 153873 and 2214?
1107
What is the greatest common factor of 1701 and 28?
7
Calculate the highest common factor of 9324 and 516.
12
What is the highest common divisor of 822618 and 828?
414
What is the highest common factor of 14 and 3351481?
7
Calculate the greatest common factor of 18 and 32517.
9
What is the highest common divisor of 15399 and 76473?
261
What is the highest common factor of 24 and 83992?
8
Calculate the highest common factor of 97340 and 155.
155
What is the greatest common factor of 837 and 27342?
279
What is the highest common divisor of 131079 and 117?
39
What is the highest common factor of 142719 and 1695?
339
Calculate the greatest common divisor of 1510 and 3570.
10
Calculate the highest common divisor of 16046 and 376742.
226
What is the greatest common factor of 93927 and 5975?
239
What is the highest common factor of 425 and 16405?
85
Calculate the highest common divisor of 782605 and 5.
5
Calculate the highest common factor of 686 and 772926.
98
What is the greatest common factor of 37652388 and 12?
12
Calculate the greatest common factor of 238 and 4676.
14
What is the highest common factor of 66693 and 165?
33
What is the highest common factor of 31415 and 3965?
305
Calculate the highest common factor of 21833 and 1022.
7
What is the greatest common divisor of 12810 and 13176?
366
Calculate the highest common factor of 546043 and 69.
23
Calculate the highest common factor of 38606 and 398.
